thousands digit of 21952?
2
What is the hundreds digit of 537?
5
What is the tens digit of 14963?
6
What is the thousands digit of 1218?
1
What is the units digit of 79640?
0
What is the tens digit of 3084?
8
What is the units digit of 2174?
4
What is the tens digit of 404?
0
What is the hundreds digit of 27817?
8
What is the tens digit of 17755?
5
What is the units digit of 8127?
7
What is the ten thousands digit of 19727?
1
What is the hundreds digit of 10762?
7
What is the tens digit of 518?
1
What is the units digit of 4291?
1
What is the hundreds digit of 7301?
3
What is the ten thousands digit of 90802?
9
What is the thousands digit of 19949?
9
What is the hundreds digit of 2524?
5
What is the hundreds digit of 100?
1
What is the hundreds digit of 48716?
7
What is the hundreds digit of 55653?
6
What is the hundreds digit of 36814?
8
What is the units digit of 880?
0
What is the ten thousands digit of 18072?
1
What is the thousands digit of 7991?
7
What is the hundreds digit of 58956?
9
What is the thousands digit of 41292?
1
What is the hundreds digit of 522?
5
What is the tens digit of 68943?
4
What is the units digit of 17777?
7
What is the thousands digit of 1523?
1
What is the tens digit of 40946?
4
What is the tens digit of 2516?
1
What is the tens digit of 86130?
3
What is the units digit of 1933?
3
What is the hundreds digit of 642?
6
What is the ten thousands digit of 57294?
5
What is the units digit of 612?
2
What is the hundreds digit of 1251?
2
What is the thousands digit of 14841?
4
What is the tens digit of 716?
1
What is the hundreds digit of 9401?
4
What is the thousands digit of 24644?
4
What is the tens digit of 840?
4
What is the tens digit of 66629?
2
What is the units digit of 2396?
6
What is the units digit of 896?
6
What is the hundreds digit of 36967?
9
What is the ten thousands digit of 71809?
7
What is the units digit of 241?
1
What is the thousands digit of 12443?
2
What is the tens digit of 5061?
6
What is the thousands digit of 20442?
0
What is the thousands digit of 1539?
1
What is the units digit of 20600?
0
What is the tens digit of 314?
1
What is the units digit of 12?
2
What is the thousands digit of 100104?
0
What is the hundreds digit of 499?
4
What is the units digit of 12116?
6
What is the thousands digit of 9803?
9
What is the ten thousands digit of 20633?
2
What is the tens digit of 5577?
7
What is the tens digit of 106942?
4
What is the units digit of 1171?
1
What is the tens digit of 50992?
9
What is the tens digit of 107303?
0
What is the thousands digit of 50460?
0
What is the tens digit of 2945?
4
What is the units digit of 140?
0
What is the units digit of 1189?
9
What is the hundreds digit of 13104?
1
What is the tens digit of 471?
7
What is the thousands digit of 1090?
1
What is the hundreds digit of 102729?
7
What is the thousands digit of 18490?
8
What is the hundreds digit of 16672?
6
What is the ten thousands digit of 18487?
1
What is the hundreds digit of 7696?
6
What is the tens digit of 2402?
0
What is the ten thousands digit of 29086?
2
What is the units digit of 541?
1
What is the ten thousands digit of 56179?
5
What is the hundreds digit of 1109?
1
What is the units digit of 7640?
0
What is the thousands digit of 4804?
4
What is the tens digit of 2868?
6
What is the units digit of 1508?
8
What is the hundreds digit of 45689?
6
What is the units digit of 4551?
1
What is the tens digit of 32783?
8
What is the thousands digit of 2978?
2
What is the hundreds digit of 22773?
7
What is the thousands digit of 9563?
9
What is the tens digit of 228?
2
What is the tens digit of 33289?
8
What is the tens digit of 3926?
2
What is the units digit of 2844?
4
What is the units digit of 5251?
1
What is the hundreds digit of 150651?
6
What is the ten thousands digit of 12262?
1
What is the tens digit of 75956?
5
What is the hundreds digit of 7879?
8
What is the tens digit of 3611?
1
What is the tens digit of 40920?
2
What is the thousands digit of 3715?
3
What is the ten thousands digit of 31633?
3
What is the units digit of 1367?
7
What is the thousands digit of 2405?
2
What is the tens digit of 287?
8
What is the ten thousands digit of 25576?
2
What is the thousands digit of 125377?
5
What is the units digit of 3713?
3
What is the tens digit of 1704?
0
What is the units digit of 72457?
7
What is the hundreds digit of 104469?
4
What is the tens digit of 40948?
4
What is the hundreds digit of 2052?
0
What is the hundred thousands digit of 128958?
1
What is the ten thousands digit of 81540?
8
What is the hundreds digit of 8015?
0
What is the tens digit of 5169?
6
What is the thousands digit of 1115?
1
What is the thousands digit of 149323?
9
What is the thousands digit of 5455?
5
What is the tens digit of 167843?
4
What is the units digit of 16371?
1
What is the thousands digit of 2095?
2
What is the tens digit of 52149?
4
What is the tens digit of 1122?
2
What is the thousands digit of 1528?
1
What is the hundreds digit of 48011?
0
What is the thousands digit of 91457?
1
What is the units digit of 637?
7
What is the hundreds digit of 43811?
8
What is the units digit of 465?
5
What is the units digit of 8704?
4
What is the tens digit of 5108?
0
What is the hundreds digit of 24061?
0
What is the hundreds digit of 2648?
6
What is the tens digit of 2176?
7
What is the hundreds digit of 19686?
6
What is the units digit of 406?
6
What is the units digit of 23680?
0
What is the units digit of 21898?
8
What is the thousands digit of 2520?
2
What is the hundreds digit of 1389?
3
What is the tens digit of 131401?
0
What is the hundreds digit of 92492?
4
What is the tens digit of 7687?
8
What is the tens digit of 58957?
5
What is the hundreds digit of 429?
4
What is the units digit of 961?
1
What is the units digit of 5453?
3
What is the thousands digit of 24282?
4
What is the thousands digit of 1418?
1
What is the thousands digit of 4496?
4
What is the tens digit of 326?
2
What is the tens digit of 2357?
5
What is the units digit of 1348?
8
What is the hundreds digit of 1030?
0
What is the hundreds digit of 12927?
9
What is the tens digit of 701?
0
What is the hundreds digit of 1392?
3
What is the thousands digit of 2249?
2
What is the ten thousands digit of 97759?
9
What is the hundreds digit of 41692?
6
What is the thousands digit of 60279?
0
What is the hundreds digit of 3892?
8
What is the units digit of 833?
3
What is the thousands digit of 26158?
6
What is the hundreds digit of 193790?
7
What is the hundreds digit of 116783?
7
What is the hundreds digit of 52929?
9
What is the tens digit of 1056?
5
What is the hundreds digit of 243?
2
What is the hundreds digit of 61738?
7
What is the tens digit of 4451?
5
What is the hundreds digit of 1081?
0
What is the units digit of 434?
4
What is the units digit of 1470?
0
What is the thousands digit of 5837?
5
What is the units digit of 1273?
3
What is the units digit of 1409?
9
What is the thousands digit of 9613?
9
What is the tens digit of 25958?
5
What is the tens digit of 532?
3
What is the tens digit of 16747?
4
What is the tens digit of 92?
9
What is the thousands digit of 7800?
7
What is the units digit of 5709?
9
What is the ten thousands digit of 49046?
4
What is the hundreds digit of 790?
7
What is the thousands digit of 12292?
2
What is the thousands digit of 151478?
1
What is the tens digit of 1596?
9
What is the hundreds digit of 2911?
9
What is the units digit of 1291?
1
What is the units digit of 10290?
0
What is the thousands digit of 150027?
0
What is the units digit of 11024?
4
What is the hundreds digit of 99743?
7
What is the units digit of 1452?
2
What is the tens digit of 434?
3
What is the units digit of 459?
9
What is the hundreds digit of 808?
8
What is the units digit of 7447?
7
What is the tens digit of 94?
9
What is the units digit of 1353?
3
What is the units digit of 795?
5
What is the tens digit of 3366?
6
What is the units digit of 13415?
5
What is the units digit of 97611?
1
What is the thousands digit of 85818?
5
What is the hundreds digit of 1526?
5
What is the ten thousands digit of 30887?
3
What is the hundreds digit of 362?
3
What is the units digit of 27857?
7
What is the units digit of 186?
6
What is the hundreds digi